10 (base 12) in base 10?
200316
What is -1440042310 (base 5) in base 2?
-1110100111010010101011
What is -1892763 (base 10) in base 4?
-13032012123
Convert -2a7cda (base 14) to base 15.
-1e3eaa
-35ec (base 15) to base 6
-125040
What is fdda4c (base 16) in base 11?
9433274
-1021010220202 (base 3) to base 2
-10100100000101001101
101001000011010101 (base 2) to base 5
20340044
What is 221020203010 (base 4) in base 6?
1023040524
Convert -136133335 (base 7) to base 3.
-121212112202221
Convert -340033 (base 7) to base 11.
-41130
Convert -948 (base 14) to base 3.
-2111201
Convert -24078 (base 9) to base 2.
-11111011101101
Convert -283233 (base 10) to base 2.
-1000101001001100001
What is -10273377 (base 9) in base 4?
-102320113312
1155215 (base 8) to base 4
1031222031
10427443 (base 8) to base 6
120003415
What is -1225166 (base 7) in base 14?
-4176d
What is 168c6c (base 15) in base 2?
100001010110100111111
What is 24347555 (base 9) in base 8?
55313353
20021111201201 (base 3) to base 6
155302244
Convert 1111606 (base 11) to base 3.
10200000221220
What is -100001111011100011 (base 2) in base 8?
-417343
5a01 (base 15) to base 11
13408
12725634 (base 8) to base 15
3b7eda
Convert 237bc7 (base 14) to base 8.
4500023
-2570260 (base 8) to base 2
-10101111000010110000
What is 3310124202 (base 5) in base 6?
412252330
What is 1244670 (base 9) in base 16?
a5d50
What is 2340430 (base 5) in base 12?
21034
12431041 (base 7) to base 5
242234034
-17b6a (base 13) to base 2
-1011001100111111
461834 (base 13) to base 5
411111010
Convert -220731 (base 8) to base 3.
-10202210012
Convert 442110324 (base 5) to base 15.
27ae44
Convert 231054 (base 7) to base 8.
120357
Convert -385b4 (base 14) to base 11.
-94a32
9dfe5 (base 16) to base 15
cbb2b
What is -49706 (base 10) in base 11?
-34388
Convert -231322020 (base 4) to base 13.
-67788
-11101111010101000110110 (base 2) to base 6
-440031114
-89360 (base 10) to base 11
-61157
Convert 3716367 (base 10) to base 4.
32023110033
Convert 110100011010000100110 (base 2) to base 12.
6a9972
Convert 46243016 (base 8) to base 5.
10032414232
-123014 (base 14) to base 8
-2300472
What is 42490 (base 10) in base 8?
122772
What is -4ab52 (base 12) in base 8?
-306756
Convert -518bbb (base 15) to base 6.
-215033435
Convert 571271 (base 10) to base 9.
1060565
What is b56015 (base 15) in base 14?
1207ac0
What is 94546 (base 10) in base 13?
3405a
Convert 1300303233 (base 4) to base 5.
104241223
Convert 10313434 (base 10) to base 5.
10120012214
-1900447 (base 10) to base 5
-441303242
What is 111011001010111 (base 2) in base 10?
30295
Convert -3851aa (base 16) to base 6.
-211035334
What is 1212332 (base 6) in base 15?
13eae
What is -441acc (base 15) in base 12?
-1106449
What is -12532420 (base 6) in base 15?
-83689
13523350 (base 7) to base 8
4651552
What is 1ee65 (base 15) in base 12?
4a628
Convert -896355 (base 10) to base 9.
-1615510
Convert 38100 (base 11) to base 6.
1101112
212001212133 (base 4) to base 5
10022434111
-2bbe6 (base 15) to base 11
-96a92
What is 1ab410 (base 12) in base 7?
4021065
What is -44770 (base 11) in base 3?
-10021220110
-1110010000111011101110 (base 2) to base 5
-1424124444
1101101100011 (base 3) to base 16
b3a40
Convert 1112122001111 (base 3) to base 8.
3100354
Convert -9609a (base 12) to base 8.
-600766
What is 1361826 (base 10) in base 2?
101001100011110100010
1061507 (base 8) to base 5
33200214
Convert 1302462 (base 7) to base 12.
81970
Convert -14422333 (base 5) to base 6.
-3152142
611364 (base 7) to base 11
70a75
876422 (base 16) to base 10
8872994
Convert -9807c4 (base 13) to base 14.
-68d7ac
What is -2c04041 (base 13) in base 6?
-1222332555
Convert 7303 (base 8) to base 16.
ec3
Convert -13464476 (base 8) to base 6.
-145105250
What is 52d16b (base 14) in base 2?
1010101100000011111011
Convert -49a (base 15) to base 12.
-731
What is -221e4 (base 15) in base 3?
-12111202021
-29550 (base 10) to base 16
-736e
-104143 (base 8) to base 5
-2104130
Convert 43239b (base 15) to base 16.
30c812
What is 33631 (base 9) in base 15?
6974
230122013122 (base 4) to base 9
23812774
Convert 31345415 (base 7) to base 13.
71a3a7
-140553313 (base 7) to base 15
-c0ce34
Convert -2113110213 (base 4) to base 13.
-189171
Convert 18c875 (base 14) to base 16.
d6c87
What is -25505121 (base 7) in base 5?
-1043234040
Convert 111503304 (base 6) to base 2.
111110011011110011000
6a554 (base 11) to base 14
2916c
Convert -a27a0 (base 11) to base 9.
-247718
-230254424 (base 6) to base 2
-10000000110110010010000
-124320324 (base 5) to base 6
-21142441
What is -5db451 (base 16) in base 10?
-6141009
-1885387 (base 10) to base 16
-1cc4cb
What is -11101001001100000 (base 2) in base 7?
-1005040
23daa9 (base 15) to base 4
12203022231
Convert -202222022121 (base 3) to base 9.
-688277
What is -213512 (base 6) in base 14?
-6632
-11231245 (base 6) to base 3
-122121002202
What is 20102110221220 (base 3) in base 14?
64c566
What is 489ed (base 16) in base 6?
10213033
What is -68066 (base 13) in base 2?
-101110001001100010
Convert -8b68c0 (base 13) to base 16.
-325785
Convert -213233203 (base 4) to base 8.
-475743
Convert -220211212122 (base 3) to base 4.
-1313121230
-20344055 (base 6) to base 4
-2033313203
What is 97085 (base 10) in base 13?
35261
Convert -441433 (base 5) to base 15.
-47b3
1120133 (base 6) to base 14
16b33
60543621 (base 7) to base 8
23154313
-28d0f (base 16) to base 4
-220310033
105550411 (base 6) to base 7
22434433
-2891a (base 11) to base 5
-2303130
-21010101 (base 4) to base 8
-110421
6b733 (base 13) to base 11
124911
What is -70d26 (base 15) in base 5?
-42413321
Convert 149578 (base 10) to base 9.
247157
4325233 (base 6) to base 16
342d5
What is -bacd4e (base 15) in base 3?
-121202022110002
Convert 20303424 (base 5) to base 15.
34344
Convert -7906 (base 15) to base 12.
-12a20
Convert -101101110010010110 (base 2) to base 16.
-2dc96
What is -1025420 (base 7) in base 6?
-2355452
20021002220 (base 3) to base 13
44160
Convert -61630 (base 12) to base 8.
-370104
Convert -193402 (base 11) to base 12.
-12406b
200169 (base 15) to base 14
2b7854
What is -143455 (base 7) in base 6?
-332044
Convert 20a38 (base 11) to base 3.
1112212212
1010376 (base 8) to base 2
1000001000011111110
-155725 (base 8) to base 5
-3300102
What is 533154 (base 9) in base 2?
1001101011100111101
What is 217476 (base 8) in base 4?
101330332
92068 (base 10) to base 4
112132210
Convert 266772 (base 9) to base 15.
33215
-101b34 (base 13) to base 2
-1011011101001100000
-132979 (base 11) to base 6
-4250415
334320 (base 9) to base 8
606507
Convert 19379 (base 12) to base 2.
1000111111001101
Convert 107119 (base 12) to base 14.
6b217
What is 1412211 (base 5) in base 11?
1a915
110122222022 (base 3) to base 10
249299
2200001110020 (base 3) to base 5
330340420
8ae727 (base 16) to base 3
122010111011110
What is -10010111001010 (base 2) in base 16?
-25ca
Convert -3485716 (base 10) to base 9.
-6502447
22ba6a0 (base 12) to base 9
13565543
2220012222112 (base 3) to base 15
2062c5
Convert 159ace (base 15) to base 11.
654400
What is 2012112100222 (base 3) in base 14?
227060
What is 54134141 (base 7) in base 12?
166600b
4241332 (base 5) to base 7
415234
Convert 477110 (base 9) to base 12.
11a330
What is 435434 (base 8) in base 13?
51716
Convert -455ee (base 15) to base 8.
-657064
11140404 (base 5) to base 6
2044315
What is 6a80a (base 13) in base 2?
101111100010001010
Convert 57834 (base 11) to base 2.
10100011001000111
What is 432a1a (base 12) in base 5?
232444304
1002515414 (base 6) to base 10
10212418
Convert 256145 (base 11) to base 13.
111848
-11d26e (base 16) to base 11
-728582
Convert 1350480 (base 9) to base 8.
2650635
Convert -6543785 (base 10) to base 15.
-893d75
Convert -6217068 (base 9) to base 4.
-30222023012
What is 18d13 (base 15) in base 2?
10011101010111000
What is 283a05 (base 11) in base 13?
1273a7
What is -7424731 (base 9) in base 8?
-17117464
Convert 4103365 (base 9) to base 12.
895972
1c751d (base 15) to base 6
45454501
Convert -2333311312 (base 4) to base 9.
-1426801
-141502033 (base 6) to base 8
-13003345
Convert -2314304112 (base 5) to base 13.
-1110ba5
What is -1010044323 (base 6) in base 16?
-9e239b
-1011366 (base 7) to base 12
-59950
Convert 81eb11 (base 15) to base 14.
b6a6